{"id":3,"date":"2023-03-17T10:20:18","date_gmt":"2023-03-17T09:20:18","guid":{"rendered":"https:\/\/labs2.maresdedia.cat\/?page_id=3"},"modified":"2023-06-21T12:13:20","modified_gmt":"2023-06-21T11:13:20","slug":"politica-privacidad","status":"publish","type":"page","link":"https:\/\/maresdedia.cat\/es\/politica-privacidad\/","title":{"rendered":"Aviso Legal"},"content":{"rendered":"<p>De conformitat amb la Llei 34\/2002, de Serveis de la Societat de la Informaci\u00f3 i de Comer\u00e7 Electr\u00f2nic, l\u2019informem que aquest web \u00e9s titularitat de Mares de dia, SCCL, (en endavant \u201cEL TITULAR\u201d), amb CIF F55317432, domicili a Carrer Sant Jaume 19, 1-2 en Sant Cugat del Vall\u00e8s (08197, Barcelona).; tel\u00e8fon 680 56 01 07 ; correu electr\u00f2nic info@maresdedia.cat.<\/p>\n\n\n\n<h2 class=\"wp-block-heading\">PROPIETAT INTEL\u00b7LECTUAL I INDUSTRIAL<\/h2>\n\n\n\n<p>Els continguts d&#8217;aquest lloc, incloent-hi els textos, imatges i dissenys gr\u00e0fics, pertanyen a EL TITULAR, o a tercers que han autoritzat el seu \u00fas. EL TITULAR presenta aquests continguts amb finalitats d&#8217;informaci\u00f3 i promoci\u00f3. EL TITULAR autoritza la seva utilitzaci\u00f3 exclusivament amb aquestes finalitats. Qualsevol utilitzaci\u00f3 d&#8217;aquests dissenys, imatges o textos haur\u00e0 de citar expressament la seva pertinen\u00e7a a EL TITULAR, qui es reserva el dret a iniciar les accions legals oportunes per reparar els danys i perjudicis causats per qualsevol acte que vulneri els seus drets de propietat intel\u00b7lectual o industrial.<\/p>\n\n\n\n<h2 class=\"wp-block-heading\">EXCLUSI\u00d3 DE RESPONSABILITAT<\/h2>\n\n\n\n<p>EL TITULAR actua amb la m\u00e0xima dilig\u00e8ncia possible perqu\u00e8 les dades i la informaci\u00f3 que ofereix al seu lloc web estigui actualitzada en tot moment, si b\u00e9 no garanteix ni es fa responsable de l&#8217;exactitud i actualitzaci\u00f3 dels continguts del lloc web, reservant-se el dret a modificar aquests continguts en qualsevol moment. EL TITULAR tampoc ser\u00e0 responsable de la informaci\u00f3 que es pot obtenir a trav\u00e9s d&#8217;enlla\u00e7os inclosos en el lloc web.<\/p>\n\n\n\n<p>Les relacions comercials amb els clients es regiran per les condicions generals que, si escau, s&#8217;estableixin per EL TITULAR en un document espec\u00edfic a aquest efecte, o pels pactes concrets que es puguin acordar amb els clients.<\/p>\n\n\n\n<h2 class=\"wp-block-heading\">CONDICIONS D&#8217;\u00daS<\/h2>\n\n\n\n<p>L&#8217;\u00fas d&#8217;aquest lloc web implica l&#8217;acceptaci\u00f3 plena dels termes del present av\u00eds legal. Els possibles conflictes relatius a aquest web es regiran exclusivament pel dret de l&#8217;Estat Espanyol. Tota persona usu\u00e0ria del web, independentment de la jurisdicci\u00f3 territorial des de la qual es produeixi el seu acc\u00e9s, accepta el compliment i respecte d&#8217;aquestes cl\u00e0usules amb ren\u00fancia expressa a qualsevol altre fur que pogu\u00e9s correspondre-li.<\/p>","protected":false},"excerpt":{"rendered":"<p>De conformitat amb la Llei 34\/2002, de Serveis de la Societat de la Informaci\u00f3 i de Comer\u00e7 Electr\u00f2nic, l\u2019informem que aquest web \u00e9s titularitat de Mares de dia, SCCL, (en endavant \u201cEL TITULAR\u201d), amb CIF F55317432, domicili a Carrer Sant Jaume 19, 1-2 en Sant Cugat del Vall\u00e8s (08197, Barcelona).; tel\u00e8fon 680 56 01 07 &hellip; <\/p>\n<p class=\"link-more\"><a href=\"https:\/\/maresdedia.cat\/es\/politica-privacidad\/\" class=\"more-link\">Leer m\u00e1s<span class=\"screen-reader-text\"> \u00abAv\u00eds Legal\u00bb<\/span><\/a><\/p>","protected":false},"author":1,"featured_media":0,"parent":0,"menu_order":0,"comment_status":"closed","ping_status":"closed","template":"","meta":{"footnotes":""},"class_list":["post-3","page","type-page","status-publish","hentry"],"_links":{"self":[{"href":"https:\/\/maresdedia.cat\/es\/wp-json\/wp\/v2\/pages\/3","targetHints":{"allow":["GET"]}}],"collection":[{"href":"https:\/\/maresdedia.cat\/es\/wp-json\/wp\/v2\/pages"}],"about":[{"href":"https:\/\/maresdedia.cat\/es\/wp-json\/wp\/v2\/types\/page"}],"author":[{"embeddable":true,"href":"https:\/\/maresdedia.cat\/es\/wp-json\/wp\/v2\/users\/1"}],"replies":[{"embeddable":true,"href":"https:\/\/maresdedia.cat\/es\/wp-json\/wp\/v2\/comments?post=3"}],"version-history":[{"count":3,"href":"https:\/\/maresdedia.cat\/es\/wp-json\/wp\/v2\/pages\/3\/revisions"}],"predecessor-version":[{"id":481,"href":"https:\/\/maresdedia.cat\/es\/wp-json\/wp\/v2\/pages\/3\/revisions\/481"}],"wp:attachment":[{"href":"https:\/\/maresdedia.cat\/es\/wp-json\/wp\/v2\/media?parent=3"}],"curies":[{"name":"wp","href":"https:\/\/api.w.org\/{rel}","templated":true}]}}

<p>De conformitat amb la Llei 34/2002, de Serveis de la Societat de la Informació i de Comerç Electrònic, l’informem que aquest web és titularitat de Mares de dia, SCCL, (en endavant “EL TITULAR”), amb CIF F55317432, domicili a Carrer Sant Jaume 19, 1-2 en Sant Cugat del Vallès (08197, Barcelona).; telèfon 680 56 01 07 ; correu electrònic info@maresdedia.cat.</p>



<h2 class="wp-block-heading">PROPIETAT INTEL·LECTUAL I INDUSTRIAL</h2>



<p>Els continguts d&#8217;aquest lloc, incloent-hi els textos, imatges i dissenys gràfics, pertanyen a EL TITULAR, o a tercers que han autoritzat el seu ús. EL TITULAR presenta aquests continguts amb finalitats d&#8217;informació i promoció. EL TITULAR autoritza la seva utilització exclusivament amb aquestes finalitats. Qualsevol utilització d&#8217;aquests dissenys, imatges o textos haurà de citar expressament la seva pertinença a EL TITULAR, qui es reserva el dret a iniciar les accions legals oportunes per reparar els danys i perjudicis causats per qualsevol acte que vulneri els seus drets de propietat intel·lectual o industrial.</p>



<h2 class="wp-block-heading">EXCLUSIÓ DE RESPONSABILITAT</h2>



<p>EL TITULAR actua amb la màxima diligència possible perquè les dades i la informació que ofereix al seu lloc web estigui actualitzada en tot moment, si bé no garanteix ni es fa responsable de l&#8217;exactitud i actualització dels continguts del lloc web, reservant-se el dret a modificar aquests continguts en qualsevol moment. EL TITULAR tampoc serà responsable de la informació que es pot obtenir a través d&#8217;enllaços inclosos en el lloc web.</p>



<p>Les relacions comercials amb els clients es regiran per les condicions generals que, si escau, s&#8217;estableixin per EL TITULAR en un document específic a aquest efecte, o pels pactes concrets que es puguin acordar amb els clients.</p>



<h2 class="wp-block-heading">CONDICIONS D&#8217;ÚS</h2>



<p>L&#8217;ús d&#8217;aquest lloc web implica l&#8217;acceptació plena dels termes del present avís legal. Els possibles conflictes relatius a aquest web es regiran exclusivament pel dret de l&#8217;Estat Espanyol. Tota persona usuària del web, independentment de la jurisdicció territorial des de la qual es produeixi el seu accés, accepta el compliment i respecte d&#8217;aquestes clàusules amb renúncia expressa a qualsevol altre fur que pogués correspondre-li.</p>

<p>De conformitat amb la Llei 34/2002, de Serveis de la Societat de la Informació i de Comerç Electrònic, l’informem que aquest web és titularitat de Mares de dia, SCCL, (en endavant “EL TITULAR”), amb CIF F55317432, domicili a Carrer Sant Jaume 19, 1-2 en Sant Cugat del Vallès (08197, Barcelona).; telèfon 680 56 01 07 &hellip; </p>
<p class="link-more"><a href="https://maresdedia.cat/es/politica-privacidad/" class="more-link">Leer más<span class="screen-reader-text"> «Avís Legal»</span></a></p>
